{"id":1352,"date":"2020-04-10T21:20:26","date_gmt":"2020-04-10T20:20:26","guid":{"rendered":"https:\/\/furiaguild.com\/?page_id=1352"},"modified":"2024-08-13T15:59:27","modified_gmt":"2024-08-13T14:59:27","slug":"armas","status":"publish","type":"page","link":"https:\/\/furiaguild.com\/index.php\/armas\/","title":{"rendered":""},"content":{"rendered":"\n<figure class=\"wp-block-image size-large\"><img loading=\"lazy\" decoding=\"async\" width=\"1024\" height=\"368\" src=\"https:\/\/furiaguild.com\/wp-content\/uploads\/2024\/08\/image-1024x368.png\" alt=\"\" class=\"wp-image-1821\" srcset=\"https:\/\/furiaguild.com\/wp-content\/uploads\/2024\/08\/image-1024x368.png 1024w, https:\/\/furiaguild.com\/wp-content\/uploads\/2024\/08\/image-300x108.png 300w, https:\/\/furiaguild.com\/wp-content\/uploads\/2024\/08\/image-768x276.png 768w, https:\/\/furiaguild.com\/wp-content\/uploads\/2024\/08\/image-1536x552.png 1536w, https:\/\/furiaguild.com\/wp-content\/uploads\/2024\/08\/image-710x255.png 710w, https:\/\/furiaguild.com\/wp-content\/uploads\/2024\/08\/image.png 1884w\" sizes=\"(max-width: 1024px) 100vw, 1024px\" \/><\/figure>\n\n\n\n<div style=\"height:34px\" aria-hidden=\"true\" class=\"wp-block-spacer\"><\/div>\n\n\n\n<p>Bienvenido a una descripci\u00f3n general\u00a0<strong>de clases y tipos de armas de Throne and Liberty<\/strong>\u00a0\u00a0. <\/p>\n\n\n\n<p><mark style=\"\" class=\"has-inline-color\"><mark style=\"\"><span style=\"background-color: rgb(252, 185, 0);\">Haz click sobre una clase<\/span><\/mark><\/mark> para llegar a la p\u00e1gina con todas sus habilidades y armas disponibles(en ingl\u00e9s).<\/p>\n\n\n\n<p>A diferencia de muchos otros juegos MMORPG, Throne and Liberty no cuenta con clases predefinidas que se seleccionan durante la creaci\u00f3n del personaje. En cambio, tu \u00abclase\u00bb se decide seg\u00fan el tipo de arma que tengas equipada y se puede cambiar a voluntad simplemente modificando lo que tengas equipado.\u00a0<\/p>\n\n\n\n<p>Puedes equipar dos armas en tu personaje en Throne and Liberty y cambiarlas cuando quieras. Cambiar de arma no ser\u00e1 un problema en absoluto, ya que ser\u00e1 autom\u00e1tico. Tienes una barra de habilidad del 1 al 12 y puedes presionar cualquier habilidad en esa barra para que se active. Tambi\u00e9n cambiar\u00e1 autom\u00e1ticamente a tu otra arma si se usa una habilidad y luego cambiar\u00e1 inmediatamente de nuevo a tu arma principal despu\u00e9s de que la habilidad haya terminado de lanzarse.\u00a0<\/p>\n\n\n\n<p>La falta de clases predeterminadas en Throne and Liberty tiene como objetivo ofrecer una mayor libertad a los jugadores, ya que podr\u00e1n adaptar m\u00e1s f\u00e1cilmente su personaje para cumplir con los requisitos de diferentes roles o situaciones, y no habr\u00e1 necesidad de crear y subir de nivel m\u00faltiples personajes si quieres tener uno de cada clase.&nbsp;<\/p>\n\n\n\n<p>En este momento hay un total de siete tipos de armas diferentes disponibles en Throne and Liberty:&nbsp;<strong>espada y escudo, espada grande, dagas, arco largo, ballesta, varita y tomo, y bast\u00f3n<\/strong>&nbsp;.<\/p>\n\n\n\n<p><\/p>\n\n\n\n<div style=\"height:47px\" aria-hidden=\"true\" class=\"wp-block-spacer\"><\/div>\n\n\n\n<h4 class=\"wp-block-heading\"><a href=\"https:\/\/throneandliberty.gameslantern.com\/weapon-types\/sword-shield\"><mark style=\"background-color:#fcb900\" class=\"has-inline-color\">Clase \/ Tipo de arma : Espada y Escudo<\/mark><\/a><\/h4>\n\n\n\n<p>El\u00a0<strong>tipo de arma Espada y escudo<\/strong>\u00a0mantiene una alta defensa y proporciona capacidad de supervivencia. Proteges a tus aliados usando el arma como controlador de masas, lo que te permite liderar la pelea desde el frente del campo de batalla. Puedes atraer a los mobs que golpean con m\u00e1s fuerza, lo que alivia la presi\u00f3n sobre los que infligen da\u00f1o y los sanadores de tu grupo.<\/p>\n\n\n\n<figure class=\"wp-block-embed is-type-video is-provider-youtube wp-block-embed-youtube wp-embed-aspect-16-9 wp-has-aspect-ratio\"><div class=\"wp-block-embed__wrapper\">\n<iframe loading=\"lazy\" title=\"[\uc4f0\ub860 \uc564 \ub9ac\ubc84\ud2f0] \uc7a5\uac80 (THRONE AND LIBERTY - Sword)\" width=\"500\" height=\"281\" src=\"https:\/\/www.youtube.com\/embed\/FOMN3A1UChM?feature=oembed\" frameborder=\"0\" allow=\"accelerometer; autoplay; clipboard-write; encrypted-media; gyroscope; picture-in-picture; web-share\" referrerpolicy=\"strict-origin-when-cross-origin\" allowfullscreen><\/iframe>\n<\/div><\/figure>\n\n\n\n<div style=\"height:53px\" aria-hidden=\"true\" class=\"wp-block-spacer\"><\/div>\n\n\n\n<h4 class=\"wp-block-heading\"><mark style=\"background-color:#fcb900\" class=\"has-inline-color\"><a href=\"https:\/\/throneandliberty.gameslantern.com\/weapon-types\/greatsword\">Clase \/ Tipo de arma : Espada Grande<\/a> <\/mark><\/h4>\n\n\n\n<p>El\u00a0<strong>tipo de arma Espad\u00f3n<\/strong>\u00a0es un arma bien equilibrada que usa ataques combinados devastadores con una salud elevada. Con sus devastadores ataques de \u00e1rea de efecto, penetra instant\u00e1neamente las defensas del enemigo y sacude el campo de batalla.<\/p>\n\n\n\n<figure class=\"wp-block-embed is-type-video is-provider-youtube wp-block-embed-youtube wp-embed-aspect-16-9 wp-has-aspect-ratio\"><div class=\"wp-block-embed__wrapper\">\n<iframe loading=\"lazy\" title=\"[\uc4f0\ub860 \uc564 \ub9ac\ubc84\ud2f0] \uc591\uc190\uac80 (THRONE AND LIBERTY - Greatsword)\" width=\"500\" height=\"281\" src=\"https:\/\/www.youtube.com\/embed\/lm8k-SVakCI?feature=oembed\" frameborder=\"0\" allow=\"accelerometer; autoplay; clipboard-write; encrypted-media; gyroscope; picture-in-picture; web-share\" referrerpolicy=\"strict-origin-when-cross-origin\" allowfullscreen><\/iframe>\n<\/div><\/figure>\n\n\n\n<div style=\"height:57px\" aria-hidden=\"true\" class=\"wp-block-spacer\"><\/div>\n\n\n\n<h4 class=\"wp-block-heading\"><a href=\"https:\/\/throneandliberty.gameslantern.com\/weapon-types\/longbow\"><mark style=\"background-color:#fcb900\" class=\"has-inline-color\">Clase \/ Tipo de arma : Arco Largo<\/mark><\/a><\/h4>\n\n\n\n<p>El&nbsp;<strong>tipo de arma Arco largo<\/strong>&nbsp;se especializa en disparos de largo alcance, atacando a los enemigos por detr\u00e1s e infligiendo el m\u00e1ximo da\u00f1o en Throne y Liberty. Tambi\u00e9n se puede usar para acelerar la recuperaci\u00f3n de salud de los miembros del grupo, lo que lo convierte en un gran recurso para tus aliados.<\/p>\n\n\n\n<figure class=\"wp-block-embed is-type-video is-provider-youtube wp-block-embed-youtube wp-embed-aspect-16-9 wp-has-aspect-ratio\"><div class=\"wp-block-embed__wrapper\">\n<iframe loading=\"lazy\" title=\"[\uc4f0\ub860 \uc564 \ub9ac\ubc84\ud2f0] \uc7a5\uad81 (THRONE AND LIBERTY - Longbow)\" width=\"500\" height=\"281\" src=\"https:\/\/www.youtube.com\/embed\/tMm8AmH1kIE?feature=oembed\" frameborder=\"0\" allow=\"accelerometer; autoplay; clipboard-write; encrypted-media; gyroscope; picture-in-picture; web-share\" referrerpolicy=\"strict-origin-when-cross-origin\" allowfullscreen><\/iframe>\n<\/div><\/figure>\n\n\n\n<div style=\"height:55px\" aria-hidden=\"true\" class=\"wp-block-spacer\"><\/div>\n\n\n\n<h4 class=\"wp-block-heading\"><a href=\"https:\/\/throneandliberty.gameslantern.com\/weapon-types\/crossbow\"><mark style=\"background-color:#fcb900\" class=\"has-inline-color\">Clase \/ Tipo de arma : Ballestas<\/mark><\/a><\/h4>\n\n\n\n<p>El\u00a0<strong>tipo de arma ballesta<\/strong>\u00a0es un arma que te permite luchar con estilo, con movimientos r\u00e1pidos y una velocidad de ataque implacable. Puedes dejar marcas y desatar un bombardeo despiadado sobre enemigos debilitados, abati\u00e9ndolos en un instante.<\/p>\n\n\n\n<figure class=\"wp-block-embed is-type-video is-provider-youtube wp-block-embed-youtube wp-embed-aspect-16-9 wp-has-aspect-ratio\"><div class=\"wp-block-embed__wrapper\">\n<iframe loading=\"lazy\" title=\"[\uc4f0\ub860 \uc564 \ub9ac\ubc84\ud2f0] \uc11d\uad81 (THRONE AND LIBERTY - Crossbow)\" width=\"500\" height=\"281\" src=\"https:\/\/www.youtube.com\/embed\/F0SI5QM_tz8?feature=oembed\" frameborder=\"0\" allow=\"accelerometer; autoplay; clipboard-write; encrypted-media; gyroscope; picture-in-picture; web-share\" referrerpolicy=\"strict-origin-when-cross-origin\" allowfullscreen><\/iframe>\n<\/div><\/figure>\n\n\n\n<div style=\"height:43px\" aria-hidden=\"true\" class=\"wp-block-spacer\"><\/div>\n\n\n\n<h4 class=\"wp-block-heading\"><mark style=\"background-color:#fcb900\" class=\"has-inline-color\"><a href=\"https:\/\/throneandliberty.gameslantern.com\/weapon-types\/staff\">Clase \/ Tipo de arma : Bast\u00f3n<\/a> <\/mark><\/h4>\n\n\n\n<p>El&nbsp;<strong>tipo de arma Bast\u00f3n<\/strong>&nbsp;te permite controlar libremente los elementos en Throne and Liberty. Puedes causar un da\u00f1o devastador con ataques m\u00e1gicos explosivos y liderar la batalla a tu favor con magia de \u00e1rea de efecto cuando te enfrentas a varios enemigos.<\/p>\n\n\n\n<figure class=\"wp-block-embed is-type-video is-provider-youtube wp-block-embed-youtube wp-embed-aspect-16-9 wp-has-aspect-ratio\"><div class=\"wp-block-embed__wrapper\">\n<iframe loading=\"lazy\" title=\"[\uc4f0\ub860 \uc564 \ub9ac\ubc84\ud2f0] \uc9c0\ud321\uc774 (THRONE AND LIBERTY - Staff)\" width=\"500\" height=\"281\" src=\"https:\/\/www.youtube.com\/embed\/zf9EeBymmnc?feature=oembed\" frameborder=\"0\" allow=\"accelerometer; autoplay; clipboard-write; encrypted-media; gyroscope; picture-in-picture; web-share\" referrerpolicy=\"strict-origin-when-cross-origin\" allowfullscreen><\/iframe>\n<\/div><\/figure>\n\n\n\n<div style=\"height:52px\" aria-hidden=\"true\" class=\"wp-block-spacer\"><\/div>\n\n\n\n<h4 class=\"wp-block-heading\"><a href=\"https:\/\/throneandliberty.gameslantern.com\/weapon-types\/daggers\"><mark style=\"background-color:#fcb900\" class=\"has-inline-color\">Clase \/ Tipo de arma : Dagas <\/mark><\/a><\/h4>\n\n\n\n<p>El&nbsp;<strong>tipo de arma Dagas<\/strong>&nbsp;se especializa en herir a los enemigos con ataques CC venenosos y sigilo. Puedes esconderte detr\u00e1s de los enemigos con movimientos \u00e1giles para infligir da\u00f1o venenoso continuo y asestar un golpe cr\u00edtico.<\/p>\n\n\n\n<figure class=\"wp-block-embed is-type-video is-provider-youtube wp-block-embed-youtube wp-embed-aspect-16-9 wp-has-aspect-ratio\"><div class=\"wp-block-embed__wrapper\">\n<iframe loading=\"lazy\" title=\"[\uc4f0\ub860 \uc564 \ub9ac\ubc84\ud2f0] \ub2e8\uac80 (THRONE AND LIBERTY - Dagger)\" width=\"500\" height=\"281\" src=\"https:\/\/www.youtube.com\/embed\/2P6OoZOwsj0?feature=oembed\" frameborder=\"0\" allow=\"accelerometer; autoplay; clipboard-write; encrypted-media; gyroscope; picture-in-picture; web-share\" referrerpolicy=\"strict-origin-when-cross-origin\" allowfullscreen><\/iframe>\n<\/div><\/figure>\n\n\n\n<div style=\"height:49px\" aria-hidden=\"true\" class=\"wp-block-spacer\"><\/div>\n\n\n\n<h4 class=\"wp-block-heading\"><a href=\"https:\/\/throneandliberty.gameslantern.com\/weapon-types\/wand-tome\"><mark style=\"background-color:#fcb900\" class=\"has-inline-color\">Clase \/ Tipo de arma : Varita y Tomo<\/mark><\/a><\/h4>\n\n\n\n<p>El&nbsp;<strong>tipo de arma Varita y Tomo<\/strong>&nbsp;ayuda a los jugadores aliados con magia curativa y habilidades de mejora. Una habilidad de maldici\u00f3n que no solo ayuda a tu grupo a sobrevivir sino que tambi\u00e9n debilita a los enemigos puede maximizar el da\u00f1o de los jugadores aliados. Especialmente eficaz en incursiones contra jefes o peleas en equipo en Throne and Liberty.<\/p>\n\n\n\n<figure class=\"wp-block-embed is-type-video is-provider-youtube wp-block-embed-youtube wp-embed-aspect-16-9 wp-has-aspect-ratio\"><div class=\"wp-block-embed__wrapper\">\n<iframe loading=\"lazy\" title=\"[\uc4f0\ub860 \uc564 \ub9ac\ubc84\ud2f0] \ub9c8\ubc95\ubd09 (THRONE AND LIBERTY - Wand)\" width=\"500\" height=\"281\" src=\"https:\/\/www.youtube.com\/embed\/eHRU9xg6NAA?feature=oembed\" frameborder=\"0\" allow=\"accelerometer; autoplay; clipboard-write; encrypted-media; gyroscope; picture-in-picture; web-share\" referrerpolicy=\"strict-origin-when-cross-origin\" allowfullscreen><\/iframe>\n<\/div><\/figure>\n\n\n\n<div style=\"height:100px\" aria-hidden=\"true\" class=\"wp-block-spacer\"><\/div>\n\n\n\n<p>SOURCE : <a href=\"https:\/\/throneandliberty.gameslantern.com\/\">https:\/\/throneandliberty.gameslantern.com\/<\/a><\/p>\n\n\n\n<p><\/p>\n<div data-animation=\"no-animation\" data-icons-animation=\"tada\" data-overlay=\"\" data-change-size=\"\" data-button-size=\"1\" style=\"font-size:1em!important;display:none;\" class=\"supsystic-social-sharing supsystic-social-sharing-package-flat supsystic-social-sharing-spacing supsystic-social-sharing-content supsystic-social-sharing-content-align-center\" data-text=\"\"><a data-networks=\"[]\" class=\"social-sharing-button sharer-flat sharer-flat-3 counter-standard without-counter facebook\" target=\"_blank\" title=\"Facebook\" href=\"http:\/\/www.facebook.com\/sharer.php?u=https%3A%2F%2Ffuriaguild.com%2Findex.php%2Farmas%2F\" data-main-href=\"http:\/\/www.facebook.com\/sharer.php?u={url}\" data-nid=\"1\" data-name=\"\" data-pid=\"2\" data-post-id=\"1352\" data-url=\"https:\/\/furiaguild.com\/wp-admin\/admin-ajax.php\" data-description=\"\" rel=\"nofollow\" data-mailto=\"\"><i class=\"fa-ssbs fa-ssbs-fw fa-ssbs-facebook\"><\/i><div class=\"counter-wrap standard\"><span class=\"counter\">0<\/span><\/div><\/a><a data-networks=\"[]\" class=\"social-sharing-button sharer-flat sharer-flat-3 counter-standard without-counter twitter\" target=\"_blank\" title=\"Twitter\" href=\"https:\/\/twitter.com\/share?url=https%3A%2F%2Ffuriaguild.com%2Findex.php%2Farmas%2F&text=\" data-main-href=\"https:\/\/twitter.com\/share?url={url}&text={title}\" data-nid=\"2\" data-name=\"\" data-pid=\"2\" data-post-id=\"1352\" data-url=\"https:\/\/furiaguild.com\/wp-admin\/admin-ajax.php\" data-description=\"\" rel=\"nofollow\" data-mailto=\"\"><i class=\"fa-ssbs fa-ssbs-fw fa-ssbs-twitter\"><\/i><div class=\"counter-wrap standard\"><span class=\"counter\">0<\/span><\/div><\/a><a data-networks=\"[]\" class=\"social-sharing-button sharer-flat sharer-flat-3 counter-standard without-counter reddit\" target=\"_blank\" title=\"Reddit\" href=\"http:\/\/reddit.com\/submit?url=https%3A%2F%2Ffuriaguild.com%2Findex.php%2Farmas%2F&title=\" data-main-href=\"http:\/\/reddit.com\/submit?url={url}&title={title}\" data-nid=\"6\" data-name=\"\" data-pid=\"2\" data-post-id=\"1352\" data-url=\"https:\/\/furiaguild.com\/wp-admin\/admin-ajax.php\" data-description=\"\" rel=\"nofollow\" data-mailto=\"\"><i class=\"fa-ssbs fa-ssbs-fw fa-ssbs-reddit\"><\/i><div class=\"counter-wrap standard\"><span class=\"counter\">0<\/span><\/div><\/a><a data-networks=\"[]\" class=\"social-sharing-button sharer-flat sharer-flat-3 counter-standard without-counter linkedin\" target=\"_blank\" title=\"Linkedin\" href=\"https:\/\/www.linkedin.com\/shareArticle?mini=true&title=&url=https%3A%2F%2Ffuriaguild.com%2Findex.php%2Farmas%2F\" data-main-href=\"https:\/\/www.linkedin.com\/shareArticle?mini=true&title={title}&url={url}\" data-nid=\"13\" data-name=\"\" data-pid=\"2\" data-post-id=\"1352\" data-url=\"https:\/\/furiaguild.com\/wp-admin\/admin-ajax.php\" data-description=\"\" rel=\"nofollow\" data-mailto=\"\"><i class=\"fa-ssbs fa-ssbs-fw fa-ssbs-linkedin\"><\/i><div class=\"counter-wrap standard\"><span class=\"counter\">0<\/span><\/div><\/a><a data-networks=\"[]\" class=\"social-sharing-button sharer-flat sharer-flat-3 counter-standard without-counter mail\" target=\"_blank\" title=\"Mail\" href=\"#\" data-main-href=\"#\" data-nid=\"16\" data-name=\"\" data-pid=\"2\" data-post-id=\"1352\" data-url=\"https:\/\/furiaguild.com\/wp-admin\/admin-ajax.php\" data-description=\"\" rel=\"nofollow\" data-mailto=\"\"><i class=\"fa-ssbs fa-ssbs-fw fa-ssbs-envelope-o\"><\/i><div class=\"counter-wrap standard\"><span class=\"counter\">0<\/span><\/div><\/a><a data-networks=\"[]\" class=\"social-sharing-button sharer-flat sharer-flat-3 counter-standard without-counter whatsapp\" target=\"_blank\" title=\"WhatsApp\" href=\"https:\/\/web.whatsapp.com\/send?text=https%3A%2F%2Ffuriaguild.com%2Findex.php%2Farmas%2F\" data-main-href=\"https:\/\/web.whatsapp.com\/send?text={url}\" data-nid=\"18\" data-name=\"\" data-pid=\"2\" data-post-id=\"1352\" data-url=\"https:\/\/furiaguild.com\/wp-admin\/admin-ajax.php\" data-description=\"\" rel=\"nofollow\" data-mailto=\"\"><i class=\"fa-ssbs fa-ssbs-fw fa-ssbs-whatsapp\"><\/i><div class=\"counter-wrap standard\"><span class=\"counter\">0<\/span><\/div><\/a><\/div>","protected":false},"excerpt":{"rendered":"<p>Bienvenido a una descripci\u00f3n general\u00a0de clases y tipos de armas de Throne and Liberty\u00a0\u00a0. Haz click sobre una clase para llegar a la p\u00e1gina con todas sus habilidades y armas disponibles(en ingl\u00e9s). A diferencia de muchos otros juegos MMORPG, Throne and Liberty no cuenta con clases predefinidas que se seleccionan durante la creaci\u00f3n del personaje. [&hellip;]<\/p>\n<div data-animation=\"no-animation\" data-icons-animation=\"tada\" data-overlay=\"\" data-change-size=\"\" data-button-size=\"1\" style=\"font-size:1em!important;display:none;\" class=\"supsystic-social-sharing supsystic-social-sharing-package-flat supsystic-social-sharing-spacing supsystic-social-sharing-content supsystic-social-sharing-content-align-center\" data-text=\"\"><a data-networks=\"[]\" class=\"social-sharing-button sharer-flat sharer-flat-3 counter-standard without-counter facebook\" target=\"_blank\" title=\"Facebook\" href=\"http:\/\/www.facebook.com\/sharer.php?u=https%3A%2F%2Ffuriaguild.com%2Findex.php%2Farmas%2F\" data-main-href=\"http:\/\/www.facebook.com\/sharer.php?u={url}\" data-nid=\"1\" data-name=\"\" data-pid=\"2\" data-post-id=\"1352\" data-url=\"https:\/\/furiaguild.com\/wp-admin\/admin-ajax.php\" data-description=\"\" rel=\"nofollow\" data-mailto=\"\"><i class=\"fa-ssbs fa-ssbs-fw fa-ssbs-facebook\"><\/i><div class=\"counter-wrap standard\"><span class=\"counter\">0<\/span><\/div><\/a><a data-networks=\"[]\" class=\"social-sharing-button sharer-flat sharer-flat-3 counter-standard without-counter twitter\" target=\"_blank\" title=\"Twitter\" href=\"https:\/\/twitter.com\/share?url=https%3A%2F%2Ffuriaguild.com%2Findex.php%2Farmas%2F&text=\" data-main-href=\"https:\/\/twitter.com\/share?url={url}&text={title}\" data-nid=\"2\" data-name=\"\" data-pid=\"2\" data-post-id=\"1352\" data-url=\"https:\/\/furiaguild.com\/wp-admin\/admin-ajax.php\" data-description=\"\" rel=\"nofollow\" data-mailto=\"\"><i class=\"fa-ssbs fa-ssbs-fw fa-ssbs-twitter\"><\/i><div class=\"counter-wrap standard\"><span class=\"counter\">0<\/span><\/div><\/a><a data-networks=\"[]\" class=\"social-sharing-button sharer-flat sharer-flat-3 counter-standard without-counter reddit\" target=\"_blank\" title=\"Reddit\" href=\"http:\/\/reddit.com\/submit?url=https%3A%2F%2Ffuriaguild.com%2Findex.php%2Farmas%2F&title=\" data-main-href=\"http:\/\/reddit.com\/submit?url={url}&title={title}\" data-nid=\"6\" data-name=\"\" data-pid=\"2\" data-post-id=\"1352\" data-url=\"https:\/\/furiaguild.com\/wp-admin\/admin-ajax.php\" data-description=\"\" rel=\"nofollow\" data-mailto=\"\"><i class=\"fa-ssbs fa-ssbs-fw fa-ssbs-reddit\"><\/i><div class=\"counter-wrap standard\"><span class=\"counter\">0<\/span><\/div><\/a><a data-networks=\"[]\" class=\"social-sharing-button sharer-flat sharer-flat-3 counter-standard without-counter linkedin\" target=\"_blank\" title=\"Linkedin\" href=\"https:\/\/www.linkedin.com\/shareArticle?mini=true&title=&url=https%3A%2F%2Ffuriaguild.com%2Findex.php%2Farmas%2F\" data-main-href=\"https:\/\/www.linkedin.com\/shareArticle?mini=true&title={title}&url={url}\" data-nid=\"13\" data-name=\"\" data-pid=\"2\" data-post-id=\"1352\" data-url=\"https:\/\/furiaguild.com\/wp-admin\/admin-ajax.php\" data-description=\"\" rel=\"nofollow\" data-mailto=\"\"><i class=\"fa-ssbs fa-ssbs-fw fa-ssbs-linkedin\"><\/i><div class=\"counter-wrap standard\"><span class=\"counter\">0<\/span><\/div><\/a><a data-networks=\"[]\" class=\"social-sharing-button sharer-flat sharer-flat-3 counter-standard without-counter mail\" target=\"_blank\" title=\"Mail\" href=\"#\" data-main-href=\"#\" data-nid=\"16\" data-name=\"\" data-pid=\"2\" data-post-id=\"1352\" data-url=\"https:\/\/furiaguild.com\/wp-admin\/admin-ajax.php\" data-description=\"\" rel=\"nofollow\" data-mailto=\"\"><i class=\"fa-ssbs fa-ssbs-fw fa-ssbs-envelope-o\"><\/i><div class=\"counter-wrap standard\"><span class=\"counter\">0<\/span><\/div><\/a><a data-networks=\"[]\" class=\"social-sharing-button sharer-flat sharer-flat-3 counter-standard without-counter whatsapp\" target=\"_blank\" title=\"WhatsApp\" href=\"https:\/\/web.whatsapp.com\/send?text=https%3A%2F%2Ffuriaguild.com%2Findex.php%2Farmas%2F\" data-main-href=\"https:\/\/web.whatsapp.com\/send?text={url}\" data-nid=\"18\" data-name=\"\" data-pid=\"2\" data-post-id=\"1352\" data-url=\"https:\/\/furiaguild.com\/wp-admin\/admin-ajax.php\" data-description=\"\" rel=\"nofollow\" data-mailto=\"\"><i class=\"fa-ssbs fa-ssbs-fw fa-ssbs-whatsapp\"><\/i><div class=\"counter-wrap standard\"><span class=\"counter\">0<\/span><\/div><\/a><\/div>","protected":false},"author":5,"featured_media":0,"parent":0,"menu_order":0,"comment_status":"closed","ping_status":"closed","template":"","meta":{"pgc_meta":"","_monsterinsights_skip_tracking":false,"_monsterinsights_sitenote_active":false,"_monsterinsights_sitenote_note":"","_monsterinsights_sitenote_category":0,"_uf_show_specific_survey":0,"_uf_disable_surveys":false,"footnotes":""},"class_list":["post-1352","page","type-page","status-publish","hentry"],"pgc_meta":"","_links":{"self":[{"href":"https:\/\/furiaguild.com\/index.php\/wp-json\/wp\/v2\/pages\/1352"}],"collection":[{"href":"https:\/\/furiaguild.com\/index.php\/wp-json\/wp\/v2\/pages"}],"about":[{"href":"https:\/\/furiaguild.com\/index.php\/wp-json\/wp\/v2\/types\/page"}],"author":[{"embeddable":true,"href":"https:\/\/furiaguild.com\/index.php\/wp-json\/wp\/v2\/users\/5"}],"replies":[{"embeddable":true,"href":"https:\/\/furiaguild.com\/index.php\/wp-json\/wp\/v2\/comments?post=1352"}],"version-history":[{"count":30,"href":"https:\/\/furiaguild.com\/index.php\/wp-json\/wp\/v2\/pages\/1352\/revisions"}],"predecessor-version":[{"id":1803,"href":"https:\/\/furiaguild.com\/index.php\/wp-json\/wp\/v2\/pages\/1352\/revisions\/1803"}],"wp:attachment":[{"href":"https:\/\/furiaguild.com\/index.php\/wp-json\/wp\/v2\/media?parent=1352"}],"curies":[{"name":"wp","href":"https:\/\/api.w.org\/{rel}","templated":true}]}}