{"id":1356,"date":"2020-04-10T21:26:24","date_gmt":"2020-04-10T20:26:24","guid":{"rendered":"https:\/\/furiaguild.com\/?page_id=1356"},"modified":"2024-08-29T15:46:11","modified_gmt":"2024-08-29T14:46:11","slug":"tl-dianochetiempo","status":"publish","type":"page","link":"https:\/\/furiaguild.com\/index.php\/tl-dianochetiempo\/","title":{"rendered":"DIA, NOCHE Y TIEMPO ATMOSF\u00c9RICO"},"content":{"rendered":"\n<div style=\"height:23px\" aria-hidden=\"true\" class=\"wp-block-spacer\"><\/div>\n\n\n\n<p>Los ciclos de d\u00eda y noche y los cambios clim\u00e1ticos no son solo efectos visuales en Throne and Liberty. Si bien el efecto visual es importante para la inmersi\u00f3n, el juego tambi\u00e9n se ver\u00e1 afectado por el entorno y cambia de diferentes maneras. En la esquina superior derecha de tu pantalla ver\u00e1s las condiciones ambientales actuales. El medio ambiente es un factor clave en Throne and Liberty y aquellos que sepan adaptarse a \u00e9l, o incluso controlarlo, tendr\u00e1n una gran ventaja. Los cambios c\u00edclicos del d\u00eda y la noche son predecibles y ocurren despu\u00e9s de un tiempo determinado. Pero la lluvia y el viento son impredecibles y, aunque ocurrir\u00e1n de manera constante, no se sabe con certeza cu\u00e1ndo esperarlos as\u00ed que prep\u00e1rate para aprovechar al m\u00e1ximo el medio ambiente, observa cuando ocurren y practica para dominarlos.<\/p>\n\n\n\n<div style=\"height:23px\" aria-hidden=\"true\" class=\"wp-block-spacer\"><\/div>\n\n\n\n<h2 class=\"wp-block-heading\">D\u00eda y noche<\/h2>\n\n\n\n<p>El ciclo d\u00eda-noche dura 5 horas en total, con 4 horas de d\u00eda y 1 hora de noche. Algunos monstruos cambiar\u00e1n sus patrones durante el d\u00eda o la noche , algunos NPC solo aparecer\u00e1n de d\u00eda o de noche y las mazmorras se abrir\u00e1n seg\u00fan la hora . Diferentes habilidades se ver\u00e1n afectadas seg\u00fan la hora del d\u00eda en la que te encuentres, por ejemplo, una daga podr\u00e1 moverse m\u00e1s r\u00e1pido durante la noche usando una determinada habilidad de dagas . Pero ten cuidado, Algunos jugadores podr\u00e1n convertir el d\u00eda en noche, al menos por unos minutos.<br><\/p>\n\n\n\n<figure class=\"wp-block-image size-full is-resized\"><img loading=\"lazy\" decoding=\"async\" width=\"740\" height=\"416\" src=\"https:\/\/furiaguild.com\/wp-content\/uploads\/2024\/07\/image-1.png\" alt=\"\" class=\"wp-image-1784\" style=\"width:680px;height:auto\" srcset=\"https:\/\/furiaguild.com\/wp-content\/uploads\/2024\/07\/image-1.png 740w, https:\/\/furiaguild.com\/wp-content\/uploads\/2024\/07\/image-1-300x169.png 300w, https:\/\/furiaguild.com\/wp-content\/uploads\/2024\/07\/image-1-710x399.png 710w\" sizes=\"(max-width: 740px) 100vw, 740px\" \/><\/figure>\n\n\n\n<div style=\"height:29px\" aria-hidden=\"true\" class=\"wp-block-spacer\"><\/div>\n\n\n\n<h2 class=\"wp-block-heading\">El tiempo<\/h2>\n\n\n\n<p>El tiempo puede cambiar constantemente, el d\u00eda puede ser soleado y la noche despejada, pero tambi\u00e9n puede llover, el viento puede soplar en diferentes direcciones y con mayor o menor intensidad.<\/p>\n\n\n\n<h3 class=\"wp-block-heading\">Lluvia<\/h3>\n\n\n\n<p>Una vez que comience a llover, se mantendr\u00e1 durante 30 minutos. La probabilidad de lluvia es de 4 a 1, por lo que durante el d\u00eda, si llueve (30 minutos) habr\u00e1 al menos 2 horas de sol. Uno de los mejores ejemplos es el acceso al castillo a trav\u00e9s de las alcantarillas. Si llueve, este acceso se inunda y queda inutilizado. Esto puede ocurrir de forma natural durante los cambios meteorol\u00f3gicos habituales, o puede ser provocado por un jugador capaz de invocar la lluvia. El efecto de la lluvia sobre el medio ambiente no s\u00f3lo limitar\u00e1 el acceso a ciertas zonas, sino que tambi\u00e9n afectar\u00e1 a las habilidades. Si por ejemplo, usas una habilidad de elemento el\u00e9ctrico en un \u00e1rea con un alto nivel de agua debido a la lluvia, el \u00e1rea de efecto de la habilidad se expandir\u00e1 y causar\u00e1 da\u00f1o a m\u00e1s enemigos<\/p>\n\n\n\n<figure class=\"wp-block-image size-full is-resized\"><img loading=\"lazy\" decoding=\"async\" width=\"740\" height=\"416\" src=\"https:\/\/furiaguild.com\/wp-content\/uploads\/2024\/07\/image-2.png\" alt=\"\" class=\"wp-image-1786\" style=\"width:631px;height:auto\" srcset=\"https:\/\/furiaguild.com\/wp-content\/uploads\/2024\/07\/image-2.png 740w, https:\/\/furiaguild.com\/wp-content\/uploads\/2024\/07\/image-2-300x169.png 300w, https:\/\/furiaguild.com\/wp-content\/uploads\/2024\/07\/image-2-710x399.png 710w\" sizes=\"(max-width: 740px) 100vw, 740px\" \/><\/figure>\n\n\n\n<div style=\"height:29px\" aria-hidden=\"true\" class=\"wp-block-spacer\"><\/div>\n\n\n\n<h3 class=\"wp-block-heading\">Viento<\/h3>\n\n\n\n<p>El efecto del viento es m\u00e1s sutil, no ser\u00e1 tan f\u00e1cil de notar como la lluvia, pero su influencia se sentir\u00e1 de varias maneras. En combate, el viento afectar\u00e1 el alcance de los proyectiles, como las flechas. Con viento de cola, tus flechas llegar\u00e1n m\u00e1s lejos, con viento en contra, tu alcance se ver\u00e1 reducido. Imag\u00ednate la importancia que tiene el tiempo durante un combate masivo, la direcci\u00f3n del viento puede cambiar el resultado de la batalla. El movimiento tambi\u00e9n se ver\u00e1 afectado por el viento, especialmente el vuelo. Con el viento a tu favor podr\u00e1s llegar a lugares que sin viento son inalcanzables, y con el viento en contra no podr\u00e1s llegar a zonas que habitualmente son accesibles. Como la lluvia, algunos jugadores podr\u00e1n controlar la direcci\u00f3n del viento, obteniendo importantes ventajas para ellos y sus aliados.<br><\/p>\n\n\n\n<div style=\"height:28px\" aria-hidden=\"true\" class=\"wp-block-spacer\"><\/div>\n\n\n\n<h2 class=\"wp-block-heading\">Domina el clima<\/h2>\n\n\n\n<p>Esperar pasivamente que se produzca un cambio clim\u00e1tico no es la \u00fanica opci\u00f3n. Cuando llegues a la cima de los diferentes rangos, podr\u00e1s obtener habilidades que te permitir\u00e1n alterar el clima t\u00fa mismo. Quiz\u00e1s puedas invocar una tormenta, cambiar la direcci\u00f3n del viento o incluso producir un eclipse. Para acceder a estas habilidades especiales, debes ser el Jugador mejor clasificado en una de las diferentes categor\u00edas diarias disponibles. Quien obtenga estas habilidades podr\u00e1 usarlas solo dos veces al d\u00eda con un tiempo de reutilizaci\u00f3n considerablemente alto(12 horas aprox), y el efecto durar\u00e1 10 minutos. Si llegas al TOP del Ranking de Crecimiento, Ranking de Actividad o Ranking de Asesinatos, podr\u00e1s usar una de las Habilidades Trascendentes: Eclipse, Vendaval o Aguacero. <\/p>\n<div data-animation=\"no-animation\" data-icons-animation=\"tada\" data-overlay=\"\" data-change-size=\"\" data-button-size=\"1\" style=\"font-size:1em!important;display:none;\" class=\"supsystic-social-sharing supsystic-social-sharing-package-flat supsystic-social-sharing-spacing supsystic-social-sharing-content supsystic-social-sharing-content-align-center\" data-text=\"\"><a data-networks=\"[]\" class=\"social-sharing-button sharer-flat sharer-flat-3 counter-standard without-counter facebook\" target=\"_blank\" title=\"Facebook\" href=\"http:\/\/www.facebook.com\/sharer.php?u=https%3A%2F%2Ffuriaguild.com%2Findex.php%2Ftl-dianochetiempo%2F\" data-main-href=\"http:\/\/www.facebook.com\/sharer.php?u={url}\" data-nid=\"1\" data-name=\"\" data-pid=\"2\" data-post-id=\"1356\" data-url=\"https:\/\/furiaguild.com\/wp-admin\/admin-ajax.php\" data-description=\"DIA, NOCHE Y TIEMPO ATMOSF\u00c9RICO\" rel=\"nofollow\" data-mailto=\"\"><i class=\"fa-ssbs fa-ssbs-fw fa-ssbs-facebook\"><\/i><div class=\"counter-wrap standard\"><span class=\"counter\">0<\/span><\/div><\/a><a data-networks=\"[]\" class=\"social-sharing-button sharer-flat sharer-flat-3 counter-standard without-counter twitter\" target=\"_blank\" title=\"Twitter\" href=\"https:\/\/twitter.com\/share?url=https%3A%2F%2Ffuriaguild.com%2Findex.php%2Ftl-dianochetiempo%2F&text=DIA%2C+NOCHE+Y+TIEMPO+ATMOSF%C3%89RICO\" data-main-href=\"https:\/\/twitter.com\/share?url={url}&text={title}\" data-nid=\"2\" data-name=\"\" data-pid=\"2\" data-post-id=\"1356\" data-url=\"https:\/\/furiaguild.com\/wp-admin\/admin-ajax.php\" data-description=\"DIA, NOCHE Y TIEMPO ATMOSF\u00c9RICO\" rel=\"nofollow\" data-mailto=\"\"><i class=\"fa-ssbs fa-ssbs-fw fa-ssbs-twitter\"><\/i><div class=\"counter-wrap standard\"><span class=\"counter\">0<\/span><\/div><\/a><a data-networks=\"[]\" class=\"social-sharing-button sharer-flat sharer-flat-3 counter-standard without-counter reddit\" target=\"_blank\" title=\"Reddit\" href=\"http:\/\/reddit.com\/submit?url=https%3A%2F%2Ffuriaguild.com%2Findex.php%2Ftl-dianochetiempo%2F&title=DIA%2C+NOCHE+Y+TIEMPO+ATMOSF%C3%89RICO\" data-main-href=\"http:\/\/reddit.com\/submit?url={url}&title={title}\" data-nid=\"6\" data-name=\"\" data-pid=\"2\" data-post-id=\"1356\" data-url=\"https:\/\/furiaguild.com\/wp-admin\/admin-ajax.php\" data-description=\"DIA, NOCHE Y TIEMPO ATMOSF\u00c9RICO\" rel=\"nofollow\" data-mailto=\"\"><i class=\"fa-ssbs fa-ssbs-fw fa-ssbs-reddit\"><\/i><div class=\"counter-wrap standard\"><span class=\"counter\">0<\/span><\/div><\/a><a data-networks=\"[]\" class=\"social-sharing-button sharer-flat sharer-flat-3 counter-standard without-counter linkedin\" target=\"_blank\" title=\"Linkedin\" href=\"https:\/\/www.linkedin.com\/shareArticle?mini=true&title=DIA%2C+NOCHE+Y+TIEMPO+ATMOSF%C3%89RICO&url=https%3A%2F%2Ffuriaguild.com%2Findex.php%2Ftl-dianochetiempo%2F\" data-main-href=\"https:\/\/www.linkedin.com\/shareArticle?mini=true&title={title}&url={url}\" data-nid=\"13\" data-name=\"\" data-pid=\"2\" data-post-id=\"1356\" data-url=\"https:\/\/furiaguild.com\/wp-admin\/admin-ajax.php\" data-description=\"DIA, NOCHE Y TIEMPO ATMOSF\u00c9RICO\" rel=\"nofollow\" data-mailto=\"\"><i class=\"fa-ssbs fa-ssbs-fw fa-ssbs-linkedin\"><\/i><div class=\"counter-wrap standard\"><span class=\"counter\">0<\/span><\/div><\/a><a data-networks=\"[]\" class=\"social-sharing-button sharer-flat sharer-flat-3 counter-standard without-counter mail\" target=\"_blank\" title=\"Mail\" href=\"#\" data-main-href=\"#\" data-nid=\"16\" data-name=\"\" data-pid=\"2\" data-post-id=\"1356\" data-url=\"https:\/\/furiaguild.com\/wp-admin\/admin-ajax.php\" data-description=\"DIA, NOCHE Y TIEMPO ATMOSF\u00c9RICO\" rel=\"nofollow\" data-mailto=\"\"><i class=\"fa-ssbs fa-ssbs-fw fa-ssbs-envelope-o\"><\/i><div class=\"counter-wrap standard\"><span class=\"counter\">0<\/span><\/div><\/a><a data-networks=\"[]\" class=\"social-sharing-button sharer-flat sharer-flat-3 counter-standard without-counter whatsapp\" target=\"_blank\" title=\"WhatsApp\" href=\"https:\/\/web.whatsapp.com\/send?text=https%3A%2F%2Ffuriaguild.com%2Findex.php%2Ftl-dianochetiempo%2F\" data-main-href=\"https:\/\/web.whatsapp.com\/send?text={url}\" data-nid=\"18\" data-name=\"\" data-pid=\"2\" data-post-id=\"1356\" data-url=\"https:\/\/furiaguild.com\/wp-admin\/admin-ajax.php\" data-description=\"DIA, NOCHE Y TIEMPO ATMOSF\u00c9RICO\" rel=\"nofollow\" data-mailto=\"\"><i class=\"fa-ssbs fa-ssbs-fw fa-ssbs-whatsapp\"><\/i><div class=\"counter-wrap standard\"><span class=\"counter\">0<\/span><\/div><\/a><\/div>","protected":false},"excerpt":{"rendered":"<p>Los ciclos de d\u00eda y noche y los cambios clim\u00e1ticos no son solo efectos visuales en Throne and Liberty. Si bien el efecto visual es importante para la inmersi\u00f3n, el juego tambi\u00e9n se ver\u00e1 afectado por el entorno y cambia de diferentes maneras. En la esquina superior derecha de tu pantalla ver\u00e1s las condiciones ambientales [&hellip;]<\/p>\n<div data-animation=\"no-animation\" data-icons-animation=\"tada\" data-overlay=\"\" data-change-size=\"\" data-button-size=\"1\" style=\"font-size:1em!important;display:none;\" class=\"supsystic-social-sharing supsystic-social-sharing-package-flat supsystic-social-sharing-spacing supsystic-social-sharing-content supsystic-social-sharing-content-align-center\" data-text=\"\"><a data-networks=\"[]\" class=\"social-sharing-button sharer-flat sharer-flat-3 counter-standard without-counter facebook\" target=\"_blank\" title=\"Facebook\" href=\"http:\/\/www.facebook.com\/sharer.php?u=https%3A%2F%2Ffuriaguild.com%2Findex.php%2Ftl-dianochetiempo%2F\" data-main-href=\"http:\/\/www.facebook.com\/sharer.php?u={url}\" data-nid=\"1\" data-name=\"\" data-pid=\"2\" data-post-id=\"1356\" data-url=\"https:\/\/furiaguild.com\/wp-admin\/admin-ajax.php\" data-description=\"DIA, NOCHE Y TIEMPO ATMOSF\u00c9RICO\" rel=\"nofollow\" data-mailto=\"\"><i class=\"fa-ssbs fa-ssbs-fw fa-ssbs-facebook\"><\/i><div class=\"counter-wrap standard\"><span class=\"counter\">0<\/span><\/div><\/a><a data-networks=\"[]\" class=\"social-sharing-button sharer-flat sharer-flat-3 counter-standard without-counter twitter\" target=\"_blank\" title=\"Twitter\" href=\"https:\/\/twitter.com\/share?url=https%3A%2F%2Ffuriaguild.com%2Findex.php%2Ftl-dianochetiempo%2F&text=DIA%2C+NOCHE+Y+TIEMPO+ATMOSF%C3%89RICO\" data-main-href=\"https:\/\/twitter.com\/share?url={url}&text={title}\" data-nid=\"2\" data-name=\"\" data-pid=\"2\" data-post-id=\"1356\" data-url=\"https:\/\/furiaguild.com\/wp-admin\/admin-ajax.php\" data-description=\"DIA, NOCHE Y TIEMPO ATMOSF\u00c9RICO\" rel=\"nofollow\" data-mailto=\"\"><i class=\"fa-ssbs fa-ssbs-fw fa-ssbs-twitter\"><\/i><div class=\"counter-wrap standard\"><span class=\"counter\">0<\/span><\/div><\/a><a data-networks=\"[]\" class=\"social-sharing-button sharer-flat sharer-flat-3 counter-standard without-counter reddit\" target=\"_blank\" title=\"Reddit\" href=\"http:\/\/reddit.com\/submit?url=https%3A%2F%2Ffuriaguild.com%2Findex.php%2Ftl-dianochetiempo%2F&title=DIA%2C+NOCHE+Y+TIEMPO+ATMOSF%C3%89RICO\" data-main-href=\"http:\/\/reddit.com\/submit?url={url}&title={title}\" data-nid=\"6\" data-name=\"\" data-pid=\"2\" data-post-id=\"1356\" data-url=\"https:\/\/furiaguild.com\/wp-admin\/admin-ajax.php\" data-description=\"DIA, NOCHE Y TIEMPO ATMOSF\u00c9RICO\" rel=\"nofollow\" data-mailto=\"\"><i class=\"fa-ssbs fa-ssbs-fw fa-ssbs-reddit\"><\/i><div class=\"counter-wrap standard\"><span class=\"counter\">0<\/span><\/div><\/a><a data-networks=\"[]\" class=\"social-sharing-button sharer-flat sharer-flat-3 counter-standard without-counter linkedin\" target=\"_blank\" title=\"Linkedin\" href=\"https:\/\/www.linkedin.com\/shareArticle?mini=true&title=DIA%2C+NOCHE+Y+TIEMPO+ATMOSF%C3%89RICO&url=https%3A%2F%2Ffuriaguild.com%2Findex.php%2Ftl-dianochetiempo%2F\" data-main-href=\"https:\/\/www.linkedin.com\/shareArticle?mini=true&title={title}&url={url}\" data-nid=\"13\" data-name=\"\" data-pid=\"2\" data-post-id=\"1356\" data-url=\"https:\/\/furiaguild.com\/wp-admin\/admin-ajax.php\" data-description=\"DIA, NOCHE Y TIEMPO ATMOSF\u00c9RICO\" rel=\"nofollow\" data-mailto=\"\"><i class=\"fa-ssbs fa-ssbs-fw fa-ssbs-linkedin\"><\/i><div class=\"counter-wrap standard\"><span class=\"counter\">0<\/span><\/div><\/a><a data-networks=\"[]\" class=\"social-sharing-button sharer-flat sharer-flat-3 counter-standard without-counter mail\" target=\"_blank\" title=\"Mail\" href=\"#\" data-main-href=\"#\" data-nid=\"16\" data-name=\"\" data-pid=\"2\" data-post-id=\"1356\" data-url=\"https:\/\/furiaguild.com\/wp-admin\/admin-ajax.php\" data-description=\"DIA, NOCHE Y TIEMPO ATMOSF\u00c9RICO\" rel=\"nofollow\" data-mailto=\"\"><i class=\"fa-ssbs fa-ssbs-fw fa-ssbs-envelope-o\"><\/i><div class=\"counter-wrap standard\"><span class=\"counter\">0<\/span><\/div><\/a><a data-networks=\"[]\" class=\"social-sharing-button sharer-flat sharer-flat-3 counter-standard without-counter whatsapp\" target=\"_blank\" title=\"WhatsApp\" href=\"https:\/\/web.whatsapp.com\/send?text=https%3A%2F%2Ffuriaguild.com%2Findex.php%2Ftl-dianochetiempo%2F\" data-main-href=\"https:\/\/web.whatsapp.com\/send?text={url}\" data-nid=\"18\" data-name=\"\" data-pid=\"2\" data-post-id=\"1356\" data-url=\"https:\/\/furiaguild.com\/wp-admin\/admin-ajax.php\" data-description=\"DIA, NOCHE Y TIEMPO ATMOSF\u00c9RICO\" rel=\"nofollow\" data-mailto=\"\"><i class=\"fa-ssbs fa-ssbs-fw fa-ssbs-whatsapp\"><\/i><div class=\"counter-wrap standard\"><span class=\"counter\">0<\/span><\/div><\/a><\/div>","protected":false},"author":5,"featured_media":0,"parent":0,"menu_order":0,"comment_status":"closed","ping_status":"closed","template":"","meta":{"pgc_meta":"","_monsterinsights_skip_tracking":false,"_monsterinsights_sitenote_active":false,"_monsterinsights_sitenote_note":"","_monsterinsights_sitenote_category":0,"_uf_show_specific_survey":0,"_uf_disable_surveys":false,"footnotes":""},"class_list":["post-1356","page","type-page","status-publish","hentry"],"pgc_meta":"","_links":{"self":[{"href":"https:\/\/furiaguild.com\/index.php\/wp-json\/wp\/v2\/pages\/1356"}],"collection":[{"href":"https:\/\/furiaguild.com\/index.php\/wp-json\/wp\/v2\/pages"}],"about":[{"href":"https:\/\/furiaguild.com\/index.php\/wp-json\/wp\/v2\/types\/page"}],"author":[{"embeddable":true,"href":"https:\/\/furiaguild.com\/index.php\/wp-json\/wp\/v2\/users\/5"}],"replies":[{"embeddable":true,"href":"https:\/\/furiaguild.com\/index.php\/wp-json\/wp\/v2\/comments?post=1356"}],"version-history":[{"count":14,"href":"https:\/\/furiaguild.com\/index.php\/wp-json\/wp\/v2\/pages\/1356\/revisions"}],"predecessor-version":[{"id":1880,"href":"https:\/\/furiaguild.com\/index.php\/wp-json\/wp\/v2\/pages\/1356\/revisions\/1880"}],"wp:attachment":[{"href":"https:\/\/furiaguild.com\/index.php\/wp-json\/wp\/v2\/media?parent=1356"}],"curies":[{"name":"wp","href":"https:\/\/api.w.org\/{rel}","templated":true}]}}